{"id":1148,"date":"2021-03-22T11:55:32","date_gmt":"2021-03-22T10:55:32","guid":{"rendered":"https:\/\/czarodziejskaakademia.pl\/dabrowskiego\/?page_id=1148"},"modified":"2021-03-29T14:44:30","modified_gmt":"2021-03-29T12:44:30","slug":"regulamin","status":"publish","type":"page","link":"https:\/\/czarodziejskaakademia.pl\/dabrowskiego\/organizacja\/regulamin\/","title":{"rendered":"Regulamin"},"content":{"rendered":"<div class=\"wpb-content-wrapper\"><p>[vc_row content_placement=&#8221;top&#8221; css=&#8221;.vc_custom_1616510697828{padding-top: 72px !important;padding-bottom: 150px !important;background-color: #d8effa !important;}&#8221; bp_css_mobile=&#8221;.vc_custom_1616510697833{padding-top: 0px !important;padding-bottom: 0px !important;}&#8221;][vc_column width=&#8221;1\/4&#8243; el_class=&#8221;menu-boczne&#8221;][vc_single_image image=&#8221;1679&#8243; img_size=&#8221;full&#8221; alignment=&#8221;center&#8221;][vc_wp_custommenu nav_menu=&#8221;121&#8243;][vc_single_image image=&#8221;1709&#8243; img_size=&#8221;full&#8221; alignment=&#8221;center&#8221; css=&#8221;.vc_custom_1616770768568{padding-top: 30px !important;}&#8221;][\/vc_column][vc_column width=&#8221;3\/4&#8243;]\n<div class=\"bp-element bp-element-heading vc_custom_1616675951069 align-center kindergarten-layout-1  \" >\n        <h3 class=\"title\"  style=\"text-transform:none; margin:0px; \">\n    REGULAMIN    <\/h3>\n\n    <div class=\"line\" ><\/div>\n\n\n\n<\/div>[vc_column_text]<strong>Podstawa prawna:<\/strong>[\/vc_column_text]\n<div class=\"bp-element bp-element-features  layout-1  \"  >\n\n\t\n<div class=\"features\">\n\t            <div class=\"item\">\n\t\t\t\t                    <i class=\"media-icon fas fa-angle-double-right\"\n                       aria-hidden=\"true\"  style=\"color:#56509f; \"><\/i>\n\t\t\t\t\n                    <div class=\"content\">\n\t\t\t\t\t\t                            <h6 class=\"title\"  style=\"font-size:16px; font-weight:normal; color:#2d2d2d; \">\n\t\t\t\t\t\t\t\t                                        Deklaracja Praw Dziecka uchwalona przez Zgromadzenie Og\u00f3lne ONZ 20 listopada 1959r.                                                                    <\/h6>\n\n\t\t\t\t\t\t\n\t\t\t\t\t\t                    <\/div>\n            <\/div>\n\t            <div class=\"item\">\n\t\t\t\t                    <i class=\"media-icon fas fa-angle-double-right\"\n                       aria-hidden=\"true\"  style=\"color:#56509f; \"><\/i>\n\t\t\t\t\n                    <div class=\"content\">\n\t\t\t\t\t\t                            <h6 class=\"title\"  style=\"font-size:16px; font-weight:normal; color:#2d2d2d; \">\n\t\t\t\t\t\t\t\t                                        Konwencja o Prawach Dziecka:                                                                     <\/h6>\n\n\t\t\t\t\t\t\n\t\t\t\t\t\t                    <\/div>\n            <\/div>\n\t<\/div>\n\n<\/div>\n[vc_column_text css=&#8221;.vc_custom_1617021868633{padding-bottom: 30px !important;}&#8221;]Dziecko ze wzgl\u0119du na swoj\u0105 niedojrza\u0142o\u015b\u0107 psychofizyczn\u0105 i niezaradno\u015b\u0107 wymaga specjalnej ochrony i opieki. Ma ono niepodwa\u017calne prawo do \u017cycia, nazwiska, narodowo\u015bci, do \u017cycia w rodzinie. Specjalne uprawnienia przyznana dziecku przez prawo maj\u0105 mu zapewni\u0107 odpowiednie warunki \u017cycia, pe\u0142ny rozw\u00f3j osobowo\u015bci, a tak\u017ce mo\u017cliwo\u015bci pozytywnej samorealizacji swojego losu.[\/vc_column_text][vc_column_text]<strong>Prawa i obowi\u0105zki przedszkolaka:<\/strong>[\/vc_column_text]\n<div class=\"bp-element bp-element-accordion js-call-accordion kindergarten-layout-1   \" >\n    <div class=\"wrap-element\">\n                                <div class=\"accordion-item color-1 js-dropdown active-dropdown\" >\n                    <div class=\"question js-toggle-dropdown\" >\n                                                    <i class=\"media-icon ionicons ion-university\"                                aria-hidden=\"true\"><\/i>\n                                                Przedszkolak ma prawo :                    <\/div>\n\n                    <div class=\"answer js-dropdown-content\">\n                        \u2022    Prosi\u0107 o to czego chce, ale nie \u017c\u0105da\u0107 tego&lt;br&gt;\n\u2022    Mie\u0107 i wyra\u017ca\u0107 swoje zdanie&lt;br&gt;\n\u2022    Podejmowa\u0107 decyzje i ponosi\u0107 ich konsekwencje&lt;br&gt;\n\u2022    Uczestniczy\u0107 we wszystkich formach aktywno\u015bci proponowanych przez przedszkole&lt;br&gt;\n\u2022    Przebywa\u0107 w warunkach zapewniaj\u0105cych bezpiecze\u0144stwo&lt;br&gt;\n\u2022    Bawi\u0107 si\u0119 i wybiera\u0107 towarzyszy zabaw&lt;br&gt;\n\u2022    Zdobywa\u0107 wiedz\u0119 i umiej\u0119tno\u015bci, bada\u0107 i eksperymentowa\u0107&lt;br&gt;\n\u2022    Do indywidualnego tempa rozwoju&lt;br&gt;\n\u2022    Pope\u0142nia\u0107 b\u0142\u0119dy i zmienia\u0107 zdanie&lt;br&gt;\n\u2022    Odnosi\u0107 sukcesy&lt;br&gt;\n\u2022    Do swojej prywatno\u015bci, samotno\u015bci i niezale\u017cno\u015bci&lt;br&gt;\n\u2022    Do nienaruszalno\u015bci cielesnej&lt;br&gt;\n\u2022    Do snu i wypoczynku, je\u015bli tego potrzebuje&lt;br&gt;\n\u2022    Do jedzenia i picia, gdy jest g\u0142odne i spragnione&lt;br&gt;\n\u2022    Do pomocy nauczyciela w sytuacjach trudnych dla niego&lt;br&gt;\n\u2022    Zna\u0107 swoje prawa i korzysta\u0107 z nich&lt;br&gt;\n\nZ prawami id\u0105 w parze obowi\u0105zki na miar\u0119 mo\u017cliwo\u015bci wiekowych dziecka przedszkolnego. Dziecko musi zrozumie\u0107, \u017ce funkcjonowanie w grupie przedszkolnej nie polega tylko na braniu od innych, ale tak\u017ce na dawaniu czego\u015b z siebie drugiej osobie.                     <\/div>\n                <\/div>\n                                            <div class=\"accordion-item color-2 js-dropdown \" >\n                    <div class=\"question js-toggle-dropdown\" >\n                                                    <i class=\"media-icon ionicons ion-social-apple\"                                aria-hidden=\"true\"><\/i>\n                                                Przedszkolak ma obowi\u0105zek :                    <\/div>\n\n                    <div class=\"answer js-dropdown-content\">\n                        \u2022    Informowa\u0107 nauczyciela o swoich problemach&lt;br&gt;\n\u2022    Stosowa\u0107 normy grzeczno\u015bciowe w stosunku do koleg\u00f3w i os\u00f3b doros\u0142ych \u2013 prosz\u0119, dzi\u0119kuj\u0119, przepraszam&lt;br&gt;\n\u2022    Dba\u0107 o bezpiecze\u0144stwo, zdrowie swoje i koleg\u00f3w&lt;br&gt;\n\u2022    Respektowa\u0107 polecenia nauczyciela&lt;br&gt;\n\u2022    Dba\u0107 o ksi\u0105\u017cki i zabawki&lt;br&gt;\n\u2022    Utrzymywa\u0107 porz\u0105dek wok\u00f3\u0142 siebie, sprz\u0105ta\u0107 zabawki po sko\u0144czonej zabawie&lt;br&gt;\n\u2022    Nie przeszkadza\u0107 innym w zabawie&lt;br&gt;\n\u2022    Dba\u0107 o sw\u00f3j wygl\u0105d&lt;br&gt;\n\u2022    Nie\u015b\u0107 pomoc r\u00f3wie\u015bnikom i m\u0142odszym kolegom&lt;br&gt;\n\u2022    Szanowa\u0107 godno\u015b\u0107 i wolno\u015b\u0107 drugiego cz\u0142owieka&lt;br&gt;                    <\/div>\n                <\/div>\n                <\/div>\n<\/div>[\/vc_column][\/vc_row]<\/p>\n<\/div>","protected":false},"excerpt":{"rendered":"<p>[vc_row content_placement=&#8221;top&#8221; css=&#8221;.vc_custom_1616510697828{padding-top: 72px !important;padding-bottom: 150px !important;background-color: #d8effa !important;}&#8221; bp_css_mobile=&#8221;.vc_custom_1616510697833{padding-top: 0px !important;padding-bottom: 0px !important;}&#8221;][vc_column width=&#8221;1\/4&#8243; el_class=&#8221;menu-boczne&#8221;][vc_single_image image=&#8221;1679&#8243; img_size=&#8221;full&#8221; alignment=&#8221;center&#8221;][vc_wp_custommenu nav_menu=&#8221;121&#8243;][vc_single_image&#8230;<\/p>\n","protected":false},"author":1,"featured_media":0,"parent":1144,"menu_order":0,"comment_status":"closed","ping_status":"closed","template":"","meta":{"footnotes":""},"class_list":["post-1148","page","type-page","status-publish","hentry"],"_links":{"self":[{"href":"https:\/\/czarodziejskaakademia.pl\/dabrowskiego\/wp-json\/wp\/v2\/pages\/1148","targetHints":{"allow":["GET"]}}],"collection":[{"href":"https:\/\/czarodziejskaakademia.pl\/dabrowskiego\/wp-json\/wp\/v2\/pages"}],"about":[{"href":"https:\/\/czarodziejskaakademia.pl\/dabrowskiego\/wp-json\/wp\/v2\/types\/page"}],"author":[{"embeddable":true,"href":"https:\/\/czarodziejskaakademia.pl\/dabrowskiego\/wp-json\/wp\/v2\/users\/1"}],"replies":[{"embeddable":true,"href":"https:\/\/czarodziejskaakademia.pl\/dabrowskiego\/wp-json\/wp\/v2\/comments?post=1148"}],"version-history":[{"count":17,"href":"https:\/\/czarodziejskaakademia.pl\/dabrowskiego\/wp-json\/wp\/v2\/pages\/1148\/revisions"}],"predecessor-version":[{"id":1816,"href":"https:\/\/czarodziejskaakademia.pl\/dabrowskiego\/wp-json\/wp\/v2\/pages\/1148\/revisions\/1816"}],"up":[{"embeddable":true,"href":"https:\/\/czarodziejskaakademia.pl\/dabrowskiego\/wp-json\/wp\/v2\/pages\/1144"}],"wp:attachment":[{"href":"https:\/\/czarodziejskaakademia.pl\/dabrowskiego\/wp-json\/wp\/v2\/media?parent=1148"}],"curies":[{"name":"wp","href":"https:\/\/api.w.org\/{rel}","templated":true}]}}